{"id":1814,"date":"2023-02-17T10:09:13","date_gmt":"2023-02-17T14:09:13","guid":{"rendered":"https:\/\/www.urbalink.com\/?page_id=1814"},"modified":"2023-02-27T10:30:47","modified_gmt":"2023-02-27T14:30:47","slug":"herramientas-de-medicion","status":"publish","type":"page","link":"https:\/\/www.urbalink.com.ve\/index.php\/herramientas-de-medicion\/","title":{"rendered":"Herramientas de medici\u00f3n"},"content":{"rendered":"\t\t<div data-elementor-type=\"wp-page\" data-elementor-id=\"1814\" class=\"elementor elementor-1814\">\n\t\t\t\t\t\t<section class=\"elementor-section elementor-top-section elementor-element elementor-element-0884bee elementor-section-boxed elementor-section-height-default elementor-section-height-default\" data-id=\"0884bee\" data-element_type=\"section\">\n\t\t\t\t\t\t<div class=\"elementor-container elementor-column-gap-default\">\n\t\t\t\t\t<div class=\"elementor-column elementor-col-100 elementor-top-column elementor-element elementor-element-ea8f59c\" data-id=\"ea8f59c\" data-element_type=\"column\">\n\t\t\t<div class=\"elementor-widget-wrap elementor-element-populated\">\n\t\t\t\t\t\t<div class=\"elementor-element elementor-element-d812ea7 elementor-widget elementor-widget-video\" data-id=\"d812ea7\" data-element_type=\"widget\" data-settings=\"{&quot;video_type&quot;:&quot;hosted&quot;,&quot;autoplay&quot;:&quot;yes&quot;,&quot;play_on_mobile&quot;:&quot;yes&quot;,&quot;controls&quot;:&quot;yes&quot;}\" data-widget_type=\"video.default\">\n\t\t\t\t<div class=\"elementor-widget-container\">\n\t\t\t\t\t\t\t<div class=\"e-hosted-video elementor-wrapper elementor-open-inline\">\n\t\t\t\t\t<video class=\"elementor-video\" src=\"https:\/\/www.urbalink.com\/wp-content\/uploads\/2023\/02\/Urbalink.mp4\" autoplay=\"\" controls=\"\" playsinline=\"\" controlsList=\"nodownload\"><\/video>\n\t\t\t\t<\/div>\n\t\t\t\t\t\t<\/div>\n\t\t\t\t<\/div>\n\t\t\t\t\t<\/div>\n\t\t<\/div>\n\t\t\t\t\t<\/div>\n\t\t<\/section>\n\t\t\t\t<section class=\"elementor-section elementor-top-section elementor-element elementor-element-57e82939 elementor-section-boxed elementor-section-height-default elementor-section-height-default\" data-id=\"57e82939\" data-element_type=\"section\">\n\t\t\t\t\t\t<div class=\"elementor-container elementor-column-gap-default\">\n\t\t\t\t\t<div class=\"elementor-column elementor-col-100 elementor-top-column elementor-element elementor-element-78debcb1\" data-id=\"78debcb1\" data-element_type=\"column\">\n\t\t\t<div class=\"elementor-widget-wrap elementor-element-populated\">\n\t\t\t\t\t\t<div class=\"elementor-element elementor-element-651f1ccf elementor-widget elementor-widget-text-editor\" data-id=\"651f1ccf\" data-element_type=\"widget\" data-widget_type=\"text-editor.default\">\n\t\t\t\t<div class=\"elementor-widget-container\">\n\t\t\t\t\t\t\t\t\t<p><\/p>\n<p>Existen diversas herramientas y sitios web cuyo objetivo es el de realizar pruebas de velocidad.<\/p>\n<p><\/p>\n<p><\/p>\n<p>La velocidad es la cantidad de datos que puedes enviar o recibir en un determinado tiempo (segundos), es por esto que la velocidad se mide en \u201cbits por segundos\u201d, los datos viajan desde los contenidos hacia\/desde tus dispositivos, tales como Smartphone, PC, Tablet, entre otros.<\/p>\n<p><\/p>\n<p><\/p>\n<p>Es importante saber que hay que hacer una correcta interpretaci\u00f3n de los resultados y adem\u00e1s, entender que ninguno de los servicios tiene la verdad absoluta.<\/p>\n<p><\/p>\n<p><\/p>\n<p>Las pruebas de velocidad basan su resultado en medir el tiempo que el usuario necesita para descargar un contenido de tama\u00f1o conocido, a trav\u00e9s de una conexi\u00f3n TCP (Transmisi\u00f3n Control Protocolo), esto se logra dividiendo el tama\u00f1o del contenido a descargar entre el tiempo que tom\u00f3 su descarga, siendo esto una medida meramente referencial.<\/p>\n<p><\/p>\n<p><\/p>\n<p>En Urbalink recomendamos usar\u00a0<a href=\"https:\/\/www.speedtest.net\/\" target=\"_blank\" rel=\"noreferrer noopener\">https:\/\/www.speedtest.net\/<\/a> ya que este servidor toma varias muestras parciales a fin de elegir correctamente el mejor servidor para la prueba seg\u00fan la ubicaci\u00f3n geogr\u00e1fica.<\/p>\n<p><\/p>\n<p><\/p>\n<p>Tambi\u00e9n es posible seleccionar manualmente alguno de los servidores ubicados en distintos pa\u00edses y ciudades. Usando esta metodolog\u00eda se puede estimar el ancho de banda efectivo que llega a la aplicaci\u00f3n, y no el que realmente provee la red que incluye el transporte de todas las cabeceras de enlace, de IP, de TCP entre otras.<\/p>\n<p><\/p>\n<p><\/p>\n<p>Es fundamental tener ciertas consideraciones al momento de realizar las pruebas a fin de que los resultados que arrojen las mismas muestren de forma m\u00e1s precisa la realidad.<\/p>\n<p><\/p>\n<p><\/p>\n<p>Si tienes dudas, puedes contactar a soporte t\u00e9cnico al correo\u00a0<strong>soporte@urbalink.com<\/strong>\u00a0o comunicarte v\u00eda telef\u00f3nica al n\u00famero +58-(424)-2673004<\/p>\n<p><\/p>\t\t\t\t\t\t\t\t<\/div>\n\t\t\t\t<\/div>\n\t\t\t\t\t<\/div>\n\t\t<\/div>\n\t\t\t\t\t<\/div>\n\t\t<\/section>\n\t\t\t\t<\/div>\n\t\t","protected":false},"excerpt":{"rendered":"<p>https:\/\/www.urbalink.com\/wp-content\/uploads\/2023\/02\/Urbalink.mp4 Existen diversas herramientas y sitios web cuyo objetivo es el de realizar pruebas de velocidad. La velocidad es la cantidad de datos que puedes enviar o recibir en un determinado tiempo (segundos), es por esto que la velocidad se mide en \u201cbits por segundos\u201d, los datos viajan desde los contenidos hacia\/desde tus dispositivos, tales [&hellip;]<\/p>\n","protected":false},"author":1,"featured_media":0,"parent":0,"menu_order":0,"comment_status":"closed","ping_status":"closed","template":"","meta":{"footnotes":""},"class_list":["post-1814","page","type-page","status-publish","hentry"],"yoast_head":"<!-- This site is optimized with the Yoast SEO plugin v25.6 - https:\/\/yoast.com\/wordpress\/plugins\/seo\/ -->\n<title>Herramientas de medici\u00f3n -<\/title>\n<meta name=\"robots\" content=\"index, follow, max-snippet:-1, max-image-preview:large, max-video-preview:-1\" \/>\n<link rel=\"canonical\" href=\"https:\/\/www.urbalink.com.ve\/index.php\/herramientas-de-medicion\/\" \/>\n<meta property=\"og:locale\" content=\"es_ES\" \/>\n<meta property=\"og:type\" content=\"article\" \/>\n<meta property=\"og:title\" content=\"Herramientas de medici\u00f3n -\" \/>\n<meta property=\"og:description\" content=\"https:\/\/www.urbalink.com\/wp-content\/uploads\/2023\/02\/Urbalink.mp4 Existen diversas herramientas y sitios web cuyo objetivo es el de realizar pruebas de velocidad. La velocidad es la cantidad de datos que puedes enviar o recibir en un determinado tiempo (segundos), es por esto que la velocidad se mide en \u201cbits por segundos\u201d, los datos viajan desde los contenidos hacia\/desde tus dispositivos, tales [&hellip;]\" \/>\n<meta property=\"og:url\" content=\"https:\/\/www.urbalink.com.ve\/index.php\/herramientas-de-medicion\/\" \/>\n<meta property=\"article:modified_time\" content=\"2023-02-27T14:30:47+00:00\" \/>\n<meta name=\"twitter:card\" content=\"summary_large_image\" \/>\n<meta name=\"twitter:label1\" content=\"Tiempo estimado de lectura\" \/>\n\t<meta name=\"twitter:data1\" content=\"2 minutos\" \/>\n<script type=\"application\/ld+json\" class=\"yoast-schema-graph\">{\"@context\":\"https:\/\/schema.org\",\"@graph\":[{\"@type\":\"WebPage\",\"@id\":\"https:\/\/www.urbalink.com.ve\/index.php\/herramientas-de-medicion\/\",\"url\":\"https:\/\/www.urbalink.com.ve\/index.php\/herramientas-de-medicion\/\",\"name\":\"Herramientas de medici\u00f3n -\",\"isPartOf\":{\"@id\":\"https:\/\/www.urbalink.com\/#website\"},\"datePublished\":\"2023-02-17T14:09:13+00:00\",\"dateModified\":\"2023-02-27T14:30:47+00:00\",\"breadcrumb\":{\"@id\":\"https:\/\/www.urbalink.com.ve\/index.php\/herramientas-de-medicion\/#breadcrumb\"},\"inLanguage\":\"es\",\"potentialAction\":[{\"@type\":\"ReadAction\",\"target\":[\"https:\/\/www.urbalink.com.ve\/index.php\/herramientas-de-medicion\/\"]}]},{\"@type\":\"BreadcrumbList\",\"@id\":\"https:\/\/www.urbalink.com.ve\/index.php\/herramientas-de-medicion\/#breadcrumb\",\"itemListElement\":[{\"@type\":\"ListItem\",\"position\":1,\"name\":\"Portada\",\"item\":\"https:\/\/www.urbalink.com.ve\/\"},{\"@type\":\"ListItem\",\"position\":2,\"name\":\"Herramientas de medici\u00f3n\"}]},{\"@type\":\"WebSite\",\"@id\":\"https:\/\/www.urbalink.com\/#website\",\"url\":\"https:\/\/www.urbalink.com\/\",\"name\":\"\",\"description\":\"\",\"potentialAction\":[{\"@type\":\"SearchAction\",\"target\":{\"@type\":\"EntryPoint\",\"urlTemplate\":\"https:\/\/www.urbalink.com\/?s={search_term_string}\"},\"query-input\":{\"@type\":\"PropertyValueSpecification\",\"valueRequired\":true,\"valueName\":\"search_term_string\"}}],\"inLanguage\":\"es\"}]}<\/script>\n<!-- \/ Yoast SEO plugin. -->","yoast_head_json":{"title":"Herramientas de medici\u00f3n -","robots":{"index":"index","follow":"follow","max-snippet":"max-snippet:-1","max-image-preview":"max-image-preview:large","max-video-preview":"max-video-preview:-1"},"canonical":"https:\/\/www.urbalink.com.ve\/index.php\/herramientas-de-medicion\/","og_locale":"es_ES","og_type":"article","og_title":"Herramientas de medici\u00f3n -","og_description":"https:\/\/www.urbalink.com\/wp-content\/uploads\/2023\/02\/Urbalink.mp4 Existen diversas herramientas y sitios web cuyo objetivo es el de realizar pruebas de velocidad. La velocidad es la cantidad de datos que puedes enviar o recibir en un determinado tiempo (segundos), es por esto que la velocidad se mide en \u201cbits por segundos\u201d, los datos viajan desde los contenidos hacia\/desde tus dispositivos, tales [&hellip;]","og_url":"https:\/\/www.urbalink.com.ve\/index.php\/herramientas-de-medicion\/","article_modified_time":"2023-02-27T14:30:47+00:00","twitter_card":"summary_large_image","twitter_misc":{"Tiempo estimado de lectura":"2 minutos"},"schema":{"@context":"https:\/\/schema.org","@graph":[{"@type":"WebPage","@id":"https:\/\/www.urbalink.com.ve\/index.php\/herramientas-de-medicion\/","url":"https:\/\/www.urbalink.com.ve\/index.php\/herramientas-de-medicion\/","name":"Herramientas de medici\u00f3n -","isPartOf":{"@id":"https:\/\/www.urbalink.com\/#website"},"datePublished":"2023-02-17T14:09:13+00:00","dateModified":"2023-02-27T14:30:47+00:00","breadcrumb":{"@id":"https:\/\/www.urbalink.com.ve\/index.php\/herramientas-de-medicion\/#breadcrumb"},"inLanguage":"es","potentialAction":[{"@type":"ReadAction","target":["https:\/\/www.urbalink.com.ve\/index.php\/herramientas-de-medicion\/"]}]},{"@type":"BreadcrumbList","@id":"https:\/\/www.urbalink.com.ve\/index.php\/herramientas-de-medicion\/#breadcrumb","itemListElement":[{"@type":"ListItem","position":1,"name":"Portada","item":"https:\/\/www.urbalink.com.ve\/"},{"@type":"ListItem","position":2,"name":"Herramientas de medici\u00f3n"}]},{"@type":"WebSite","@id":"https:\/\/www.urbalink.com\/#website","url":"https:\/\/www.urbalink.com\/","name":"","description":"","potentialAction":[{"@type":"SearchAction","target":{"@type":"EntryPoint","urlTemplate":"https:\/\/www.urbalink.com\/?s={search_term_string}"},"query-input":{"@type":"PropertyValueSpecification","valueRequired":true,"valueName":"search_term_string"}}],"inLanguage":"es"}]}},"jetpack_sharing_enabled":true,"_links":{"self":[{"href":"https:\/\/www.urbalink.com\/index.php\/wp-json\/wp\/v2\/pages\/1814","targetHints":{"allow":["GET"]}}],"collection":[{"href":"https:\/\/www.urbalink.com\/index.php\/wp-json\/wp\/v2\/pages"}],"about":[{"href":"https:\/\/www.urbalink.com\/index.php\/wp-json\/wp\/v2\/types\/page"}],"author":[{"embeddable":true,"href":"https:\/\/www.urbalink.com\/index.php\/wp-json\/wp\/v2\/users\/1"}],"replies":[{"embeddable":true,"href":"https:\/\/www.urbalink.com\/index.php\/wp-json\/wp\/v2\/comments?post=1814"}],"version-history":[{"count":12,"href":"https:\/\/www.urbalink.com\/index.php\/wp-json\/wp\/v2\/pages\/1814\/revisions"}],"predecessor-version":[{"id":1842,"href":"https:\/\/www.urbalink.com\/index.php\/wp-json\/wp\/v2\/pages\/1814\/revisions\/1842"}],"wp:attachment":[{"href":"https:\/\/www.urbalink.com\/index.php\/wp-json\/wp\/v2\/media?parent=1814"}],"curies":[{"name":"wp","href":"https:\/\/api.w.org\/{rel}","templated":true}]}}